 What is the highest common divisor of m and w?
7
Let t = 3 - -23. Suppose -4*w + 70 = -t. Calculate the greatest common factor of w and 6.
6
Let l(a) be the first derivative of -2*a**2 - 4. Let u be l(-9). Calculate the greatest common divisor of u and 9.
9
Let y(t) = 5 - 2 - 4 - 20*t**3 - t + 0. Let p be y(-1). Let b = 90 - 60. What is the greatest common divisor of p and b?
10
Suppose -403*z + 104 = -401*z. Let j = 15 + -2. What is the highest common divisor of j and z?
13
Suppose -5*n + 100 = -0*n. Calculate the highest common factor of n and 220.
20
Let l = 0 - -2. Suppose j + 5*u = -15, -5*j = l*u - 5*u - 65. Let x = -84 - -174. What is the greatest common factor of j and x?
10
Let g = 2 + 2. Suppose -2*p + 225 + g = -5*a, -115 = -p + 2*a. What is the highest common divisor of p and 13?
13
Let f be (-1)/3 - 112/(-21). Let m be 2/(-5) - (-7)/f. What is the highest common factor of m and 4?
1
Let c be (-1468)/(-4) + 4/(-1). Calculate the greatest common divisor of 33 and c.
33
Suppose 2*q - 84 = -2*v, -250 = -v - 4*v + 5*q. Suppose -u - v + 136 = 0. Let s = -18 + 28. Calculate the highest common divisor of s and u.
10
Suppose 0*b = 3*b - 48. Let m = 147 + -3. Calculate the greatest common divisor of m and b.
16
Let m = 15 - 11. Let b(h) = 23*h**3 + 2*h**2 - 1. Let l be b(1). What is the highest common divisor of m and l?
4
Let l(s) = 3*s - 3. Let q be l(-3). Let h = q - -16. What is the highest common divisor of 4 and h?
4
Suppose 14*n = 19*n - 300. Calculate the highest common factor of n and 12.
12
Suppose -14 = 4*m - 3*b - 3, 0 = -m + b - 2. Let z = m + 12. Suppose -z*h + 72 = -3*h. Calculate the highest common factor of 45 and h.
9
Suppose p + 5*r - 115 - 58 = 0, -4*r - 218 = -p. Calculate the highest common divisor of p and 22.
22
Suppose 6*n - 3*n - 96 = 0. Let g = -16 + n. Suppose l = o - 12, 0*o + 16 = o - 2*l. Calculate the highest common factor of g and o.
8
Let p(o) = o**2 - o + 3. Let s be p(4). Let j be (6/(-2))/(s/(-10)). What is the highest common factor of 18 and j?
2
Suppose -n = -0*n. Let k = 3 - 1. Suppose 0 = 3*x - k*i - 102 - 71, n = 3*x - 4*i - 181. What is the highest common divisor of x and 5?
5
Suppose 3*x = -g + 669, g + 266 = x + 39. Calculate the greatest common divisor of 32 and x.
32
Let d(v) = v**3 - 11*v**2 + 2*v - 12. Let r be d(11). Suppose -t = -6*t + 5. Let q be (4/r)/(t/40). Calculate the greatest common divisor of 8 and q.
8
Let y be 270/3 - (4 + -4). What is the highest common factor of y and 36?
18
Suppose 4*w - v - 1176 = 0, -4*w + 3*v - 95 = -1263. Suppose -164 = -3*o - 5*a, 2*a - 6*a + w = 5*o. What is the highest common factor of 7 and o?
7
Let q = 121 + -111. Let r = 72 - 42. What is the highest common factor of r and q?
10
Suppose 0*h = h - 11. Suppose -7*t = -21 - 56. Calculate the highest common factor of t and h.
11
Suppose -3*m = -5*m + 6. Let b = 2 + m. Suppose 0 = 3*w + b*k - 42, -4*w + 36 = 4*k - 20. Calculate the greatest common factor of w and 14.
14
Let d = 106 - -26. Let g(r) = 1. Let y(p) = 2*p + 6. Let w(l) = -2*g(l) - y(l). Let u be w(-10). What is the highest common factor of u and d?
12
Let s(a) = 4*a**2. Let b be s(-5). Suppose -16*h + 340 = -300. What is the greatest common divisor of h and b?
20
Let r = -108 - -119. What is the greatest common divisor of 11 and r?
11
Suppose 0 = 5*s + 30 - 175. Suppose 4*w - 77 + s = 0. What is the greatest common divisor of w and 12?
12
Let s be -2*(3 - 1 - 4). Let v be (s/(-6))/((-8)/72). Calculate the highest common factor of 15 and v.
3
Let y be (-4)/10 + 244/10. Calculate the greatest common divisor of y and 8.
8
Let j(m) = -m + 34. Let n be j(3). Calculate the greatest common divisor of n and 217.
31
Suppose 3*v = 5 + 4. Suppose -x - 4*x + 24 = v*q, 0 = 2*q - x - 3. Calculate the greatest common factor of 6 and q.
3
Let b be 1 + 8*(3/2 - 1). Calculate the greatest common divisor of b and 2.
1
Suppose 0 = -0*w - 15*w + 435. Calculate the highest common divisor of w and 261.
29
Suppose 2*b = 6*b - 52. Suppose 6*s + 4*k + 52 = 3*s, 0 = 3*s - 5*k + 70. Let x be (-268)/s + 4/(-10). Calculate the highest common divisor of b and x.
13
Let f be -1 + (-1 - 0) - -6. Suppose f*u = -5*q + 3, -3*u + 2*u + 6 = -4*q. Suppose -u*j - j + 24 = 0. What is the greatest common divisor of j and 4?
4
Let n = -27 - -31. What is the highest common divisor of 44 and n?
4
Let t(a) = -7*a - 11. Suppose 0 = -2*o - 16. Let y be t(o). What is the greatest common factor of 5 and y?
5
Suppose 0 = 5*r + 5*g + 10, 0 = r - 5*r + 3*g + 13. What is the highest common factor of 5 and r?
1
Let x(z) = 2*z**2 - 3*z - 9. Let h be x(-6). What is the highest common divisor of h and 27?
27
Suppose -2*t - 10 = -3*t + 2*c, 5*c = -5*t + 65. Let f = -30 + 50. Let j = f - t. Calculate the greatest common divisor of j and 20.
4
Let u be ((-8)/3)/((-4)/48). What is the highest common divisor of 80 and u?
16
Let f be 207/(-92)*320/(-3). Calculate the highest common factor of f and 48.
48
Let p(f) = f + 1. Let m be p(5). Let c be 3/(0 + -3) - -3. Suppose -2*s + 4*d = d - 14, -c*d = -5*s + 24. Calculate the greatest common divisor of s and m.
2
Let g = 10 - 6. Suppose 5*v - g*z = -0*v + 295, v - 43 = 4*z. Calculate the highest common factor of v and 9.
9
Suppose -30 = -5*y + 5*m, 0 = -2*y - 0*y - 4*m + 42. Calculate the greatest common factor of 11 and y.
11
Suppose j - 2*j = -180. What is the highest common divisor of 36 and j?
36
Let h = -2 - -4. Suppose 2*v - 464 = -h*v. Let f be v/2 + -1 + 3. What is the greatest common divisor of 12 and f?
12
Suppose -2*n = -3*i + 3*n + 5, 16 = -4*n. Let t be 2 + 0 + i - -9. Let m(o) = 7*o + 3. Let j be m(t). Calculate the greatest common divisor of j and 18.
9
Suppose 2*x - 5*o + 128 = -252, -570 = 3*x - 5*o. Let s = -115 - x. What is the greatest common factor of 15 and s?
15
Let n be 7 - -6*2/(-4). Let z be 2/8 - (-63)/n. Let t = -8 + 88. What is the greatest common divisor of t and z?
16
Let s be (-2)/(0 + (-2)/(-7)). Let v = 10 + s. Calculate the greatest common factor of 3 and v.
3
Suppose 0*f = -f + 4*q - 18, 5*f + 5*q = 35. Suppose -3*d + 3*w + 14 = -w, f*w = d - 2. What is the greatest common divisor of d and 50?
10
Let q(n) = n + 26. Let a be q(0). Suppose 64 = 2*f - 20. Let y = f - a. What is the greatest common divisor of 80 and y?
16
Suppose 5*r - 2*n = 254, 0 = -n + 3 - 0. What is the greatest common factor of 39 and r?
13
Let w(o) = o**2 - 5*o - 4. Let c be w(-4). Suppose -3*i + 0*v - 3*v + 129 = 0, i + 5*v - 23 = 0. What is the highest common factor of c and i?
16
Let z be (-2)/4 - (-253)/2. Let v = 12 + -7. Suppose 2*i = v*q + 13, 47 = 4*i - 6*q + 3*q. Calculate the highest common divisor of z and i.
14
Let g = 35 - 32. What is the greatest common divisor of g and 1?
1
Let q = 3 + 1. Suppose q*c = o + 15, 9*c - 4*c = -o + 21. Let b be (-2 - -10) + 2 - o. Calculate the highest common factor of b and 45.
9
Let m(w) = -2*w + 4. Let v be m(3). Let c be (v - -11)/(2/2). Let k = 198 + -108. What is the highest common divisor of k and c?
9
Let h(r) = -r**3 - 9*r**2 + 12*r + 23. Let c be h(-10). What is the highest common factor of c and 6?
3
Suppose 0 = -4*o - o + 70. Let k(y) = y. Let w(x) = -x**2 - x - 1. Let z(s) = -k(s) - 4*w(s). Let q be z(-4). What is the greatest common factor of q and o?
14
Let w be (-446)/(-8) + (-4)/(-16). Calculate the highest common factor of w and 8.
8
Suppose -4*a + 112 - 16 = 0. What is the greatest common factor of a and 3?
3
Let i(q) be the first derivative of -9*q**2/2 - 3*q + 1. Let a be i(-2). Suppose a = 4*d + 3, 4*k + d - 387 = 0. What is the highest common factor of k and 12?
12
Let f(z) = z**2 - 3*z + 2. Let p = -8 - -11. Let o be f(p). Suppose o*t - 55 = -3*u - 0*t, -4*u + 2*t = -92. Calculate the greatest common divisor of u and 3.
3
Let j be (-1)/((-15)/12 - -1). What is the highest common factor of j and 12?
4
Let h(l) = 3*l - 15. Let f be h(9). Suppose 2*d = -2*i + 58, -3*i + 4*d = -d - 95. Calculate the highest common divisor of f and i.
6
Suppose -12 - 12 = -4*c. Let q(n) = 2 - n + 0 - 4. Let i be q(-8). What is the highest common divisor of c and i?
6
Let a = 6 + -4. Suppose 18 = -4*h + 130. Suppose h = a*k + 2*k. Calculate the highest common divisor of k and 28.
7
Let m(q) = 35*q**2 - q. L